07. Is b(14) prime?
True
Suppose -4*u + 434060 = 4*t, 136*u - 542639 = 131*u + 3*t. Is u prime?
False
Let i = -7 - -9. Suppose b - 5*b + i*w = -1476, w + 1848 = 5*b. Suppose -3*h + 29 + b = 0. Is h composite?
True
Is ((-165405)/(-25))/(4 + (-68)/20) prime?
True
Let f be 1/(10/4) - (-4068)/30. Suppose -5*o + f = -64. Is (-1)/4 + 86210/o prime?
False
Is (-187633 - (40/(-6))/10)*(-4 - -1) a prime number?
True
Is -199*(1/((-56)/4977) - 2/16) a composite number?
True
Suppose -2 = -79*f + 78*f. Suppose -t - 3*h + 1840 = 0, 1440 + 2216 = f*t - 2*h. Is t composite?
False
Let h(b) = b**3 - b**2 + 7*b + 1. Let z(m) = -5*m + 23. Let q be z(-5). Let k = 54 - q. Is h(k) a prime number?
True
Suppose 69 = -n - m, 3*n = -n + 2*m - 300. Let g = n - -75. Is (-3)/1 - (-31 + g) a composite number?
True
Let m(x) be the second derivative of 1087/2*x**2 - 1/12*x**4 - 2/3*x**3 + 6 + 2*x. Is m(0) composite?
False
Let y(w) = 238*w**2 + 159*w + 826. Is y(-5) composite?
False
Let x = 138217 + -78810. Is x a composite number?
False
Let a = 44268 - 5404. Suppose 26*l = a + 3698. Is l a prime number?
True
Suppose -5*l = 2*s - 19, 3*l + s - 19 = -4*s. Suppose 3*u - 524 = 94. Suppose -l*x = 3*j + 2*x - u, 3*j - 2*x = 241. Is j a composite number?
True
Suppose 3*g = -5*a - 10, -13 = 2*a - 2*g + 7. Is 2252*-2*a/8 prime?
False
Let h = -218 + 18283. Is h prime?
False
Suppose -5*h = -3*m + 17 + 11, -5*m + 20 = -3*h. Is (m*843)/((-3)/(-41)) prime?
False
Suppose 61*n - 1122644 = -222223. Is n composite?
True
Let o(q) = 21*q**2 + 110*q + 107. Let h be (204/(-21))/(-6*(-3)/(-63)). Is o(h) a composite number?
False
Let j = 54 + -51. Suppose 25 = 2*t - 4*v + 5, j*t - 4*v = 24. Suppose 3*z - t*c - 2239 = 0, 4*z + 3721 = 9*z + 4*c. Is z prime?
False
Suppose 4*i - 16 = 3*c, 4*c + i = 6*i - 21. Is c/(-8) + (-234942)/(-12) + 4 a prime number?
True
Let r(w) = -99*w**2 + 2*w - 3. Let i be r(2). Let q = -1109 - i. Is q/(-4)*(-32)/(-48) composite?
True
Suppose 2*c + 80 = 3*c. Suppose 0*n - 5*n = -c. Suppose n*d = 14*d + 1814. Is d prime?
True
Suppose 3*t - 6*t - 3*g + 6 = 0, -5*t + 12 = 4*g. Suppose t*x = 2*b - 1102, 2*b + 4*x - 446 = 680. Is b a prime number?
True
Let d = 3442 + -3500. Let j(o) = o**3 - o**2 - o - 179. Let x be j(0). Let t = d - x. Is t composite?
True
Let z(b) = 5209*b + 1187. Is z(12) prime?
False
Suppose 0 = -5*p + 490 - 95. Let m = -71 + p. Is 12/8 + 5340/m a composite number?
True
Suppose -2073677 - 1889125 = -102*d. Is d prime?
True
Let a(u) = -u**2 - 6*u + 72. Let m be a(6). Let z(s) = 2*s**3 - 2*s**2 + 2*s + 43607. Is z(m) composite?
False
Let u(a) be the first derivative of 407*a**2/2 - 4*a + 8. Let j be u(-1). Is 56/(-4)*j/6 a composite number?
True
Let q be 5/(-90)*3*-6. Let v be q/(-2) + 11/2. Suppose 5*f - 3*s - s = 8345, 8355 = v*f - 2*s. Is f composite?
True
Let b(f) be the second derivative of 21*f**5/10 + 7*f**3/6 + 5*f**2/2 - 20*f. Let v be b(-4). Let k = -642 - v. Is k a composite number?
False
Let c = 639 + 2584. Suppose -3*d = 2*d - 10630. Let m = c - d. Is m a composite number?
False
Let o(p) = p**3 - 39*p**2 + 112*p - 179. Is o(45) a prime number?
True
Suppose 816 = -n - h - 4*h, 2*n - 4*h = -1674. Let t = -314 - n. Is t prime?
False
Let s(p) = -p**3 - 2*p**2 + 2*p + 1. Let h be s(-3). Suppose -44 = -10*v - 4. Suppose v*l - 244 - 669 = -3*c, 0 = -h*c + l + 1249. Is c a composite number?
False
Suppose 3*p = -2*y - 2*p + 33, -p - 3 = -2*y. Suppose -4*q - 2 = k, -q + 2*k + 4 = y*q. Suppose q = 7*i - 10*i + 6999. Is i composite?
False
Let p(r) = 3*r**2 - 4*r**2 + 18*r**2 + 22 + r**3 - 21*r. Is p(-17) composite?
False
Suppose 4*r - 49*b - 49344 = -50*b, -4*r + b + 49336 = 0. Is r a prime number?
False
Is (-5)/85 - (-8 - (-46514278)/(-289)) composite?
True
Let k = -149 - -20. Let n = 3506 + k. Is n a composite number?
True
Suppose -k + 3*g + 9 = 0, -4*k + 2*g + 6 = -2*k. Suppose -3*p + 8*p - 1475 = k. Is p a prime number?
False
Suppose 3*a - 5*a - 42 = 0. Let r = 23 + a. Suppose 3*h + 267 = r*k - 103, 4*k = -h + 712. Is k prime?
True
Suppose 5*b - 34 = -19. Suppose b*a + 2 = -1, -a - 133 = -4*i. Is i/(-22)*(-2708)/6 prime?
True
Let m(o) = o**2 + 2*o + 12. Let y be m(7). Let v = y - 68. Let l = v + 346. Is l prime?
True
Let i(x) = -304*x - 50 - 477*x + 1030*x. Is i(7) prime?
True
Suppose 0 = -i - 48 - 36. Let q be (-2)/5 - i/35. Suppose -a = t - 14, 2*t - 4*t = -q*a - 24. Is t prime?
True
Suppose h = -2*h + 3*y - 18, 0 = -3*h - 5*y + 22. Let g be 5/5 - (0 + h). Suppose 4*c + g*i - 11212 - 1014 = 0, -5*c - 5*i + 15280 = 0. Is c composite?
True
Let s(q) = -911*q + 1040. Is s(-13) prime?
False
Let l = -437 - -2016. Suppose 5*p + 4*u - 23627 = 0, 0 = 2*p + 2*u - 7871 - l. Is p a composite number?
True
Suppose 10*u = -5*u - 810. Let k = u - -2387. Is k prime?
True
Let q = -177 - -182. Suppose 55 = c - 5*p, -q*c + 254 = -4*p - 21. Is c composite?
True
Let c(w) = w**3 + 5*w**2 + 9*w + 54. Let s be c(7). Let l = s + -290. Is l prime?
False
Let c(o) = 4 + 45*o**2 - 2 + 4*o - 24*o + 10. Is c(13) a composite number?
True
Suppose -84 - 102 = 3*j - 4*l, -2*l = 5*j + 310. Let x = -57 - j. Suppose 4*w - 2*n + 5*n = 3528, -4*w + x*n = -3496. Is w a composite number?
True
Suppose -1 + 7 = -l. Let b(s) = 27*s - 5. Let f(u) = 52*u - 11. Let o(g) = 5*b(g) - 3*f(g). Is o(l) prime?
False
Suppose -2*q + 5 = 9. Let g(s) = 209*s**2 + s - 3. Let x(d) = -418*d**2 - 2*d + 6. Let o(v) = -11*g(v) - 6*x(v). Is o(q) prime?
False
Is (6*195402/24)/(-21*11/(-154)) a composite number?
True
Suppose -3*v + 4881 + 3127420 = -t, 2088174 = 2*v - 4*t. Is v prime?
False
Let j = -13 - -17. Suppose 6*h - 5*h - 1786 = 5*a, j*a - 7216 = -4*h. Is h a prime number?
True
Let g(v) = -v**2 + 7. Let n be g(-5). Let f be (n/15)/(2/(-10)). Is (32/5 - f) + 413/5 composite?
False
Let h(o) = 1210*o - 6. Let l be h(10). Suppose l = -5*t - q, -5*t + 3*q = -2*t + 7260. Let a = 4132 + t. Is a composite?
True
Let d = -28075 + 103076. Is d prime?
False
Let f(w) = 593*w - 193. Let p = -77 - -81. Is f(p) composite?
False
Suppose 0 = 71*u - 3873056 - 4498625. Is u composite?
False
Suppose -n - 2*n + 3930 = 0. Suppose 4*z + 1390 = -n. Let i = z - -1006. Is i a composite number?
False
Let h(j) be the third derivative of 149*j**7/5040 + j**6/40 - 3*j**5/10 - 8*j**2. Let p(y) be the third derivative of h(y). Is p(11) a prime number?
True
Let u(q) = -3609*q + 109. Let d be u(-6). Let l = d - 14352. Is l composite?
False
Suppose 37*s + 181*s = 174890898 - 5319380. Is s prime?
False
Is (-249840)/(-21) - 59/413 a prime number?
True
Let x(t) = t**2 + 7*t + 23. Let h be x(-4). Suppose -h*c + 0*c = -15059. Is c a composite number?
True
Let d(a) = -7741*a - 19315. Is d(-152) a prime number?
False
Let h(f) = f**2 - f - 8. Let g be h(-3). Suppose 5*l - 4*l - 7 = -4*r, r = -3*l + 10. Suppose -g*j + l*n + 611 = 0, 3*j - 2*n = 5*j - 288. Is j a prime number?
True
Suppose -2*a + 92659 = j, -19*j + 5*a = -15*j - 370714. Is j composite?
False
Suppose 142264 + 584163 = 19*z. Suppose -g + 4556 + 8191 = a, -3*a = -g - z. Is a a prime number?
False
Let x = -125422 + 949119. Is x a composite number?
True
Let j be 4/1 + 5/5. Suppose -5*l = -0*l + 5*o + 20, 0 = j*l - 4*o - 7. Let i(k) = -254*k**3 + k. Is i(l) a composite number?
True
Suppose 2*b = 3 + 5. Suppose -3*x = 2*q, 0 = q - 23*x + 26*x + 6. Suppose b*j - g + 1777 = q*j, 3*j - g = 2668. Is j composite?
True
Let w be 6 - -1*(-12)/4 - 2. Let g be 0*2/12 - (w - 1). Suppose u - 125 = 4*j, g*u + 4*j = -3*u + 311. Is u a composite number?
False
Let l(r) = r**2 + r + 2. Let a be l(-7). Suppose -5*x - 5*v + 250 = 0, v = x + 5*v - a. Suppose q - 61 = x. Is q prime?
True
Let a = 127 - 122. Suppose 10 = 4*r + 2*l, 4*r + a*l - l - 12 = 0. Suppose 4*t = -2*b + 3892, -r*t - 514 + 2472 = 4*b. Is t prime?
True
Suppose -4*s + 0 = -8. Suppose -s*t = -2*l + 812, t + 7*l = 3*l - 391. Let a = 223 - t. Is a a composite number?
True
Let d(w) be the second derivative of -w**3/6 + 31*w**2/2 - 30*w. Let g be d(20). Suppose -9*x - 2018 = -g*x. Is x prime?
True
Let l(g) = -51*g + 17. Let h = -16 - -17. Let a be h*(3 - 7)*1. Is l(a) composite?
True
Let u = 97 + -117. Let a be 258 - (-2)/((-8)/u). Suppose t = -2*m + 3*m + 133, -2*t + 5*m + a = 0. Is t prime?
False
Suppose -2*k + 3*c = 1248, 6*k = 5*k - 3*c - 633. Suppose 